{"id":37038,"date":"2025-01-10T16:47:13","date_gmt":"2025-01-10T20:47:13","guid":{"rendered":"https:\/\/subwaypr.sandbox.mycloudmenu.com\/site156\/items\/desserts-vanilla-beam-creme-brulee\/"},"modified":"2025-03-17T21:37:35","modified_gmt":"2025-03-18T01:37:35","slug":"desserts-vanilla-beam-creme-brulee","status":"publish","type":"product","link":"https:\/\/subwaypr.sandbox.mycloudmenu.com\/site156\/items\/desserts-vanilla-beam-creme-brulee\/","title":{"rendered":"Desserts : Vanilla Beam Cr\u00e8me Br\u00fbl\u00e9e"},"excerpt":{"rendered":"<p>\u2727 Silky smooth custard with a caramelized sugar topping<br \/>\n\u2727 Made with high-quality vanilla beans for rich flavor<br \/>\n\u2727 Perfect balance of creamy texture and crispy top<br \/>\n\u2727 A decadent dessert for any occasion<\/p>\n","protected":false},"featured_media":37236,"template":"","meta":[],"_links":{"self":[{"href":"https:\/\/subwaypr.sandbox.mycloudmenu.com\/site156\/wp-json\/wp\/v2\/product\/37038"}],"collection":[{"href":"https:\/\/subwaypr.sandbox.mycloudmenu.com\/site156\/wp-json\/wp\/v2\/product"}],"about":[{"href":"https:\/\/subwaypr.sandbox.mycloudmenu.com\/site156\/wp-json\/wp\/v2\/types\/product"}],"version-history":[{"count":1,"href":"https:\/\/subwaypr.sandbox.mycloudmenu.com\/site156\/wp-json\/wp\/v2\/product\/37038\/revisions"}],"predecessor-version":[{"id":37146,"href":"https:\/\/subwaypr.sandbox.mycloudmenu.com\/site156\/wp-json\/wp\/v2\/product\/37038\/revisions\/37146"}],"wp:featuredmedia":[{"embeddable":true,"href":"https:\/\/subwaypr.sandbox.mycloudmenu.com\/site156\/wp-json\/wp\/v2\/media\/37236"}],"wp:attachment":[{"href":"https:\/\/subwaypr.sandbox.mycloudmenu.com\/site156\/wp-json\/wp\/v2\/media?parent=37038"}],"curies":[{"name":"wp","href":"https:\/\/api.w.org\/{rel}","templated":true}]}}