{"id":37005,"date":"2022-08-18T02:54:51","date_gmt":"2022-08-18T06:54:51","guid":{"rendered":"https:\/\/subwaypr.sandbox.mycloudmenu.com\/site271\/items\/paella-marinera-2\/"},"modified":"2024-01-25T13:56:35","modified_gmt":"2024-01-25T17:56:35","slug":"paella-marinera-2","status":"publish","type":"product","link":"https:\/\/subwaypr.sandbox.mycloudmenu.com\/site271\/items\/paella-marinera-2\/","title":{"rendered":"Paella Marinera"},"excerpt":{"rendered":"<p>Arroz tradicional espa\u00f1ol con una mezcla de frutos del mar. Servicio para dos o m\u00e1s personas; tiempo de cocci\u00f3n 45 minutos aproximadamente. Incluye un acompa\u00f1ante<\/p>\n","protected":false},"featured_media":0,"template":"","meta":[],"_links":{"self":[{"href":"https:\/\/subwaypr.sandbox.mycloudmenu.com\/site271\/wp-json\/wp\/v2\/product\/37005"}],"collection":[{"href":"https:\/\/subwaypr.sandbox.mycloudmenu.com\/site271\/wp-json\/wp\/v2\/product"}],"about":[{"href":"https:\/\/subwaypr.sandbox.mycloudmenu.com\/site271\/wp-json\/wp\/v2\/types\/product"}],"version-history":[{"count":1,"href":"https:\/\/subwaypr.sandbox.mycloudmenu.com\/site271\/wp-json\/wp\/v2\/product\/37005\/revisions"}],"predecessor-version":[{"id":37050,"href":"https:\/\/subwaypr.sandbox.mycloudmenu.com\/site271\/wp-json\/wp\/v2\/product\/37005\/revisions\/37050"}],"wp:attachment":[{"href":"https:\/\/subwaypr.sandbox.mycloudmenu.com\/site271\/wp-json\/wp\/v2\/media?parent=37005"}],"curies":[{"name":"wp","href":"https:\/\/api.w.org\/{rel}","templated":true}]}}