{"id":37044,"date":"2023-03-07T13:00:50","date_gmt":"2023-03-07T17:00:50","guid":{"rendered":"https:\/\/subwaypr.sandbox.mycloudmenu.com\/site271\/items\/chorizo-al-vino\/"},"modified":"2024-05-14T14:25:11","modified_gmt":"2024-05-14T18:25:11","slug":"chorizo-al-vino","status":"publish","type":"product","link":"https:\/\/subwaypr.sandbox.mycloudmenu.com\/site271\/items\/chorizo-al-vino\/","title":{"rendered":"Chorizo al Vino"},"excerpt":{"rendered":"<p>Chorizo Espa\u00f1ol a la sart\u00e9n con una reducci\u00f3n de vino y melao<\/p>\n","protected":false},"featured_media":37097,"template":"","meta":[],"_links":{"self":[{"href":"https:\/\/subwaypr.sandbox.mycloudmenu.com\/site271\/wp-json\/wp\/v2\/product\/37044"}],"collection":[{"href":"https:\/\/subwaypr.sandbox.mycloudmenu.com\/site271\/wp-json\/wp\/v2\/product"}],"about":[{"href":"https:\/\/subwaypr.sandbox.mycloudmenu.com\/site271\/wp-json\/wp\/v2\/types\/product"}],"version-history":[{"count":1,"href":"https:\/\/subwaypr.sandbox.mycloudmenu.com\/site271\/wp-json\/wp\/v2\/product\/37044\/revisions"}],"predecessor-version":[{"id":37079,"href":"https:\/\/subwaypr.sandbox.mycloudmenu.com\/site271\/wp-json\/wp\/v2\/product\/37044\/revisions\/37079"}],"wp:featuredmedia":[{"embeddable":true,"href":"https:\/\/subwaypr.sandbox.mycloudmenu.com\/site271\/wp-json\/wp\/v2\/media\/37097"}],"wp:attachment":[{"href":"https:\/\/subwaypr.sandbox.mycloudmenu.com\/site271\/wp-json\/wp\/v2\/media?parent=37044"}],"curies":[{"name":"wp","href":"https:\/\/api.w.org\/{rel}","templated":true}]}}