{"id":37592,"date":"2025-01-13T23:37:42","date_gmt":"2025-01-14T03:37:42","guid":{"rendered":"https:\/\/subwaypr.sandbox.mycloudmenu.com\/site274\/items\/nachos-playeros\/"},"modified":"2025-01-13T23:37:42","modified_gmt":"2025-01-14T03:37:42","slug":"nachos-playeros","status":"publish","type":"product","link":"https:\/\/subwaypr.sandbox.mycloudmenu.com\/site274\/items\/nachos-playeros\/","title":{"rendered":"Nachos Playeros"},"excerpt":{"rendered":"<p>Chips de ma\u00edz fritos a la perfecci\u00f3n; ba\u00f1ados en nuestra salsa de cilantro, rellenos de pico de gallo y queso mixto, relleno de su porci\u00f3n de prote\u00edna preferida: pollo, churrasco o mixto.<\/p>\n","protected":false},"featured_media":37591,"template":"","meta":[],"_links":{"self":[{"href":"https:\/\/subwaypr.sandbox.mycloudmenu.com\/site274\/wp-json\/wp\/v2\/product\/37592"}],"collection":[{"href":"https:\/\/subwaypr.sandbox.mycloudmenu.com\/site274\/wp-json\/wp\/v2\/product"}],"about":[{"href":"https:\/\/subwaypr.sandbox.mycloudmenu.com\/site274\/wp-json\/wp\/v2\/types\/product"}],"version-history":[{"count":0,"href":"https:\/\/subwaypr.sandbox.mycloudmenu.com\/site274\/wp-json\/wp\/v2\/product\/37592\/revisions"}],"wp:featuredmedia":[{"embeddable":true,"href":"https:\/\/subwaypr.sandbox.mycloudmenu.com\/site274\/wp-json\/wp\/v2\/media\/37591"}],"wp:attachment":[{"href":"https:\/\/subwaypr.sandbox.mycloudmenu.com\/site274\/wp-json\/wp\/v2\/media?parent=37592"}],"curies":[{"name":"wp","href":"https:\/\/api.w.org\/{rel}","templated":true}]}}