{"id":37160,"date":"2022-08-18T04:56:33","date_gmt":"2022-08-18T08:56:33","guid":{"rendered":"https:\/\/subwaypr.sandbox.mycloudmenu.com\/site57\/items\/pinon-de-carne-en-salsa-de-queso-2\/"},"modified":"2025-03-18T12:25:05","modified_gmt":"2025-03-18T16:25:05","slug":"pinon-de-carne-en-salsa-de-queso-2","status":"publish","type":"product","link":"https:\/\/subwaypr.sandbox.mycloudmenu.com\/site57\/items\/pinon-de-carne-en-salsa-de-queso-2\/","title":{"rendered":"Pi\u00f1\u00f3n de Carne en Salsa de Queso"},"excerpt":{"rendered":"<p>Acompa\u00f1ado de Arroz con Cilantro y Viandas Hervidas<\/p>\n","protected":false},"featured_media":37913,"template":"","meta":[],"_links":{"self":[{"href":"https:\/\/subwaypr.sandbox.mycloudmenu.com\/site57\/wp-json\/wp\/v2\/product\/37160"}],"collection":[{"href":"https:\/\/subwaypr.sandbox.mycloudmenu.com\/site57\/wp-json\/wp\/v2\/product"}],"about":[{"href":"https:\/\/subwaypr.sandbox.mycloudmenu.com\/site57\/wp-json\/wp\/v2\/types\/product"}],"version-history":[{"count":1,"href":"https:\/\/subwaypr.sandbox.mycloudmenu.com\/site57\/wp-json\/wp\/v2\/product\/37160\/revisions"}],"predecessor-version":[{"id":37409,"href":"https:\/\/subwaypr.sandbox.mycloudmenu.com\/site57\/wp-json\/wp\/v2\/product\/37160\/revisions\/37409"}],"wp:featuredmedia":[{"embeddable":true,"href":"https:\/\/subwaypr.sandbox.mycloudmenu.com\/site57\/wp-json\/wp\/v2\/media\/37913"}],"wp:attachment":[{"href":"https:\/\/subwaypr.sandbox.mycloudmenu.com\/site57\/wp-json\/wp\/v2\/media?parent=37160"}],"curies":[{"name":"wp","href":"https:\/\/api.w.org\/{rel}","templated":true}]}}